(1/(-3))/(6867/y + 2)?
127
Let l(u) be the second derivative of 11*u**3/6 + 153*u**2/2 + 32*u + 2. What are the prime factors of l(30)?
3, 7, 23
Suppose -p = 3*s - 133198, -11*p + 15*p = 3*s - 133178. List the prime factors of s.
2, 79, 281
Suppose 4*y = -9893 + 42019 + 14070. What are the prime factors of y?
11549
Suppose -183 - 87 = -3*u. Suppose i = -2*i - 3*v + u, 2*i - 65 = -v. List the prime factors of 2088/21 - (-20)/i.
2, 5
Suppose 0 = 3*t + 2*i + i - 24, -1 = -2*t + i. Suppose 0 = -2*h - t*v + 1, 12 = 4*v. List the prime factors of -1 - h - 1*2*-11.
5
Suppose -506357 = -46*y + 452145. List the prime factors of y.
67, 311
Suppose 0 = 4*n + 5*d + 5, -5*d = -27*n + 23*n + 45. Suppose -b = 7 - 38. Let w = b + n. What are the prime factors of w?
2, 3
Let d be 2 + (-4 - -24)/(-4). Let j(n) = -3*n**2 - 8*n - 3. Let b be j(d). List the prime factors of -1 + (310/6 - b/(-9)).
2, 5
Suppose 0 = -0*d - 3*d + 2*n + 40, 5*d + n = 71. Suppose -d + 59 = 5*p. Suppose -4*v + p*v = 965. List the prime factors of v.
193
Let f(i) = 2*i**2 - 4*i - 3. Let v be f(-3). Let y be (-27)/36*4 - -12. What are the prime factors of (y/v)/(1/573)?
191
Let r be (16/(-14))/(40/(-70)). Suppose -5*u - 4*i + 40 = i, 0 = -5*u + i + 40. Suppose -5*n - 4*z = -188 + 24, u = -r*z. What are the prime factors of n?
2, 3
Suppose -4*q = -12, 2*r + 12*q - 31817 = 15*q. List the prime factors of r.
15913
Let r(m) = -m**2 + 6*m - 3. Suppose -5*c = -10, -5*w + c - 2 + 15 = 0. Suppose 9 = w*x + 2*y, 3*x + 3 = 5*y + 12. What are the prime factors of r(x)?
2, 3
Let j = -24 - -38. Suppose -j*v = -10*v - 40. Suppose 0 = 2*w - v, 0 = -3*o - 5*w + 74 + 131. What are the prime factors of o?
2, 3, 5
Suppose -4*w + 48 = -w + i, -5*w - 4*i + 87 = 0. What are the prime factors of (-56)/((-42)/(-6))*-5*w?
2, 3, 5
Let a(u) = 95*u - 5 + 32*u + 18. Let k be a(10). Suppose 8*c - k = 429. List the prime factors of c.
2, 107
Let r = -14 - -19. Let y be 28/(r + -1) + -2. Suppose o + 5*v - 17 = 0, 0 = -y*o + 4*o + 2*v + 31. List the prime factors of o.
3
Let q(k) = -2*k + 2. Let n be q(3). Let r(j) = -j**2 - 7*j - 7. Let d be r(n). What are the prime factors of -1 - 0 - (d - 91)?
5, 17
Let q(i) = -i - 1. Let s(v) = -v**2 + 16*v - 29. Let l(t) = -2*q(t) + s(t). List the prime factors of l(14).
29
Suppose 12*t - 163672 - 38183 = 4545. List the prime factors of t.
2, 5, 43
Let x = -42 + 63. Suppose 5*c + w + w = -x, -w = 3. What are the prime factors of c*1*750/(-45)?
2, 5
Let u be 795/20 - (-6)/(-8). Suppose -m - 4*l = -u - 59, -m + 62 = -5*l. What are the prime factors of m?
2, 41
Let z(d) be the third derivative of d**6/120 - 7*d**5/30 - 25*d**4/12 + 7*d**3/2 + 138*d**2. List the prime factors of z(19).
2, 3, 73
Let z(m) = 1056*m**2 + 19*m + 4. Let c be z(-2). Suppose 8*q + 1350 = c. What are the prime factors of q?
5, 71
Let v = 405 - 401. List the prime factors of (-3 - 18/(-6) - v) + 428.
2, 53
Suppose 1194 + 326 = 4*g. Suppose 8*n + 2*n - g = 0. What are the prime factors of n?
2, 19
Suppose 8*q - 13*q = -820. Let a = -4 + -9. Let h = q + a. List the prime factors of h.
151
Let k(p) = 2*p**2 - 79*p - 318. Let v be k(39). Suppose -4*m = 503 + 325. Let n = m - v. List the prime factors of n.
2, 3, 5
What are the prime factors of 5/(-35)*14 - (-7798 - -1)?
5, 1559
Suppose 8*k - 10346 = 38382. List the prime factors of k.
6091
Suppose 0 = -4*b + w + 33, 5*w = -2*b + 4 + 7. Suppose 5*p - 4*d - b = 0, -4*p + 8 = -2*p - 4*d. Suppose p = -9*k + 615 + 474. What are the prime factors of k?
11
List the prime factors of 1215656/(-156)*1*-3.
2, 11689
Suppose -n + 1 + 6 = 0. Suppose 5*m - 5*c = -n + 52, m - 3*c = 17. Suppose -u + 2*u - 95 = 3*y, 0 = m*u - 4*y - 453. List the prime factors of u.
89
Suppose 4*f = -c - 836, 7*c + 2*f + 4180 = 2*c. Let l = c - -1602. What are the prime factors of l?
2, 383
Let b be (-152 + 0)/(1 - 3). Let p = b + -74. Suppose 5*c - 137 = -k, 2*c - c - p*k = 23. What are the prime factors of c?
3
Let o(p) = 43*p + 577. What are the prime factors of o(30)?
1867
Suppose 2*p + 704 = -s, -13 = 5*s + 7. Let q = p + 176. List the prime factors of q/(-14) - 32/(-56).
13
Suppose 3*x = -5*t + 16332, -x = 5*t - 19721 + 3387. List the prime factors of t.
3, 11
Suppose n + 4886 = -0*n - 4*g, 9772 = -2*n - 5*g. Let i = -3369 - n. List the prime factors of i.
37, 41
Suppose 531*z + 58 = 529*z. List the prime factors of 1*(-132)/20*(z + 4).
3, 5, 11
Let d be (-12)/(-42) + 57/21 - 3. Suppose -5*o = 5*z - 3900, d*o - 2350 = -3*o - 5*z. What are the prime factors of o?
5, 31
Let c = 61 + -169. Let u be (-43)/(-1 + c/(-110)). Suppose v - u = -10*v. What are the prime factors of v?
5, 43
Suppose u - 1 - 3 = 0. Suppose -o + 3*b = -12, 4*b = -u*o + 6*o - 16. Suppose o = 4*x - 390 - 238. List the prime factors of x.
157
Suppose 4*h = 2*h. Let x = -5404 + 5447. Let k = x - h. List the prime factors of k.
43
Let y(i) = -i**2 + 10*i + 24. Let g be y(11). Suppose g*a = -p + 17*a + 990, 2*a + 4914 = 5*p. What are the prime factors of p?
2, 491
Let u(x) be the first derivative of -5*x**3/3 - 13*x**2/2 + 9*x - 12. Let h(w) = -w**2. Let y(a) = 4*h(a) - u(a). What are the prime factors of y(-15)?
3, 7
Let w(g) = 336*g**2 + 233*g + 72. What are the prime factors of w(12)?
2, 3, 4271
Let d = -3083 + 5933. List the prime factors of d.
2, 3, 5, 19
Suppose 300*r + 1588679 - 12985079 = 0. What are the prime factors of r?
2, 9497
Suppose -26*f = -22*f - 1360. Let q = -209 + f. List the prime factors of q.
131
Let n(o) = 8*o**3 + 12*o**2 - 12*o - 21. Let h be n(-6). Let u = 2417 + h. List the prime factors of u.
2, 293
Let k = -19455 - -27796. List the prime factors of k.
19, 439
Let y(n) = 6*n - 16. Let i(j) = j + 1. Let o(w) = -2*i(w) + y(w). Let t be o(6). Suppose x - t*x + 155 = 0. List the prime factors of x.
31
Suppose 5*i + 2*o = 5797, 41*i + 4*o - 5799 = 36*i. Suppose 7*q = -2*c + i, -5*q - 325 = c - 897. What are the prime factors of c?
3, 199
Let d = 3432 + -2206. Let q = d - 562. List the prime factors of q.
2, 83
Let v = 24 + -21. Suppose -3*c + 1102 = 5*o + 241, 4*c = v*o + 1177. Let g = c - 128. List the prime factors of g.
2, 41
Let y be (1504320/(-50))/(-3) - 2/(-10). Suppose -139 + y = 23*d. What are the prime factors of d?
2, 5, 43
Let g be 5/3 + -1 + 2192/6. Suppose -174 - g = -2*u. List the prime factors of u.
2, 3, 5
Suppose n - b = -3*b + 5737, -2*b = 4*n - 22930. List the prime factors of n.
11, 521
Let k(n) = -15*n + 61. Let r(o) = 14*o - 60. Let i(t) = 2*k(t) + 3*r(t). List the prime factors of i(32).
2, 163
Suppose 31 = i - 3*i - 3*f, f + 47 = -4*i. Let y(a) = -9*a + 9. List the prime factors of y(i).
2, 3
Let j = -1217 + 4702. List the prime factors of j.
5, 17, 41
Let g(v) = -v**2 - 25*v - 5. Suppose -h = 44 - 48. Suppose -3*p = -h*b - 28, -22 = 4*b + 5*p + 38. What are the prime factors of g(b)?
5, 29
Let d(a) = 1845*a**2 - 8*a + 11. List the prime factors of d(-2).
3, 823
Let g(s) = 8*s**2 + 44*s + 17. Let h(d) = -10*d**2 - 45*d - 18. Let k(m) = -7*g(m) - 6*h(m). What are the prime factors of k(15)?
11, 29
Suppose -18*n + v + 939 = -17*n, 939 = n + 5*v. Let d = n - -867. What are the prime factors of d?
2, 3, 7, 43
Let x(y) = 7*y**3 - 3*y**2 - y + 1. Let m be x(-1). Let v = m - -103. What are the prime factors of v?
5, 19
Let z(p) = 10*p - 31 + 7 - 13*p**3 + 14*p**3 - 11*p**2. Let k be z(10). Let o = k + 141. What are the prime factors of o?
3, 13
Let b(a) = a - 1. Let g be b(1). Suppose q = -f, -q - 5*f - 12 = -g*f. Suppose q*y = -2*y + 180. List the prime factors of y.
2, 3
Let m = 30426 + -3708. List the prime factors of m.
2, 3, 61, 73
Let t(w) = 1330*w + 4 - 26*w**2 + 0 - 1313*w - 2*w**3. List the prime factors of t(-14).
2, 79
Let y be (25 - 23)/((-6)/(-1497)). Let m = y - 227. List the prime factors of m.
2, 17
Let d be (3 + -1)/(76/190). Suppose -4*c + c + 1167 = 3*y, -1538 = -4*c + d*y. List the prime factors of c.
3, 43
Let s(y) = y + 1. Let z(f) = -2*f. Let c(w) = -s(w) - 3*z(w). List the prime factors of c(1).
2
Suppose 38*h - 5103 = 35*h. Suppose h = 5*r + 5*s - 434, 1269 = 3*r - s. What are the prime factors of r?
2, 53
Let u be 3*(16/6 - 0). Let o(l) be the second derivative of l**5/20 - 2*l**4/3 + 5*l**3/6 - 15*l**2/2 - 5*l. What are the prime factors of o(u)?
5
Let s = -171 